 g be (-9)/1*t/(-3). What is the units digit of (g - 4)/(-1 + 0)?
1
What is the units digit of (-107)/(-4) - 30/40?
6
Let x be (-1 - 2)/(-2 + 3). What is the units digit of 26/5 + x/15?
5
Let m(k) = -4*k + 1. Let g be m(2). Let j = g - -20. What is the units digit of j?
3
Let k(n) = -3*n - 1. Let f be k(-2). Suppose 0 = 4*j, f*j = 3*p + 4*j - 18. What is the units digit of p?
6
What is the tens digit of (-482*4/16)/(5/(-10))?
4
Let t = -57 - -31. Let p be t/(-7) + 12/42. Suppose -3*h + 7*h + 2*q - p = 0, 0 = h - 5*q - 12. What is the units digit of h?
2
Let w be (-10)/4*(-12)/5. Suppose -w = -z + 33. What is the tens digit of z?
3
What is the tens digit of 1/(3/(-2)) - (-6422)/39?
6
Let m(l) = -79*l - 1. Let z(c) = -78*c - 1. Let b(w) = 5*m(w) - 4*z(w). Let g be b(1). What is the tens digit of g/(-9) + (-4)/(-6)?
1
Let j = 41 + -3. Let d = -27 + 5. Let s = j + d. What is the tens digit of s?
1
Let r(i) = -5*i + 2 + 1 + 3*i + 0. Let c be r(-6). What is the units digit of 2*(c/2)/3?
5
Suppose x = 5, -10 = -5*d + 2*x - 4*x. Let l be (-6)/14 - 450/(-70). Suppose -4*z + a + 31 = 0, -z + 2*a + a - l = d. What is the units digit of z?
9
Let q(i) = -5*i**2 - i + 2. Let x be q(2). Let t = -10 - x. What is the units digit of t?
0
Let z(t) = -t**2 - 7*t + 11. Let v be z(-8). Suppose -v*s - s = 0. Suppose -3*w = -s*w - 6. What is the units digit of w?
2
Let s be (18/(-7))/(-3)*7. Suppose -y = 2*p + 4, 0 = y - p + s*p + 10. Suppose l - 8 = -y*l. What is the units digit of l?
8
Let q = 28 + -4. Suppose 2*w = 4*w - q. What is the tens digit of w?
1
Let x(n) = 87*n + 2. Let m(z) = z**3 - 10*z**2 + 10*z - 11. Let g be m(9). Let y be x(g). What is the units digit of y/(-22) + 6/33?
8
Let p = -4 + -2. What is the tens digit of (31/3)/(p/(-18))?
3
Suppose 3*f - 380 = -4*n, 3*f = -5*n + 535 - 63. What is the units digit of n?
2
Let h(v) = -v**3 + 7*v**2 + 10*v - 6. What is the tens digit of h(8)?
1
Suppose -3*g = -r - 4*r - 7, 3*g = 2*r + 10. Suppose 47 = g*t - 33. What is the units digit of t?
0
Let w(i) = i**3 - 25*i**2 - 23*i + 5. What is the units digit of w(26)?
3
Suppose 0 = -2*g + 4 + 2. Suppose g*x - u - 22 = 4*u, x - 12 = 4*u. What is the units digit of x?
4
Let w be 8/20 - (-346)/10. Let m = w + -14. Let t = m + -4. What is the units digit of t?
7
Suppose -5*k + 0*k - 5*n + 5 = 0, 8 = 3*k - 2*n. Let i be 1*-2 + k - -34. What is the units digit of (-4)/(-20) - i/(-5)?
7
Suppose -10 = -q + 2*n, -3*q + 8*q - 3*n - 22 = 0. Suppose -z + 0*z + 12 = q*w, 4*w = -3*z + 24. Suppose -t = 1 - w. What is the units digit of t?
5
Suppose 0 = 2*j - 4*j + 6. Suppose 4*h - h = j. What is the units digit of h?
1
Let o be (5*1)/(2/(-22)). What is the units digit of (-1)/(-4) + o/(-4)?
4
Suppose 2*i = 3*t + 5, 0*i + 3*t + 13 = 4*i. Suppose -6 - 2 = i*j. What is the tens digit of j*(-1 + 33/(-6))?
1
Suppose 2*l - 40 - 114 = 0. What is the units digit of l?
7
Suppose -r = 2*k - 2*r - 133, -5*k + 340 = -5*r. What is the tens digit of k?
6
Let p = 1 + 2. Suppose -p*a = 2*a - 5. What is the units digit of a?
1
Let i(m) = -2*m**3 + m**2 - 23*m - 7. Let n(d) = -d**3 - 12*d - 4. Let h(y) = 6*i(y) - 11*n(y). What is the units digit of h(4)?
0
Let q = 122 + 38. What is the hundreds digit of q?
1
Let c be (-2)/(-2) - (-3 - 19). Suppose c = -5*k + 143. What is the units digit of k?
4
Suppose -2*q = 8 + 10. Let p(b) = b + 16. What is the units digit of p(q)?
7
Let s(x) = 30*x**2 - 5*x + 4. What is the tens digit of s(2)?
1
Let s = -22 - -32. What is the tens digit of s?
1
What is the tens digit of 2/6 + (-62)/(-3)?
2
Let z = 86 - 29. What is the units digit of z?
7
Let v be (-4 + 0)*(-1)/(-2). Suppose -3*q = -2*j + 10, -q = -j - 4*j - 1. Let g = j - v. What is the units digit of g?
1
Suppose -5*y + 149 = -61. What is the units digit of y?
2
What is the units digit of -2 + -2 + 72/1?
8
What is the tens digit of (3 - 6)*(-22 - -4)?
5
Suppose a + 2*a + 6 = 0. What is the tens digit of a + -3 + (-3 - -31)?
2
Let z = -6 - -29. What is the units digit of z?
3
What is the tens digit of 832/13*(-5)/(-4)?
8
Let y(h) be the third derivative of h**5/60 + h**4/6 - h**3/3 + h**2. What is the units digit of y(-6)?
0
What is the hundreds digit of (362/6*3)/(2 - 1)?
1
Suppose 11 = -l - 2*s - 2*s, -2*l - 4*s - 10 = 0. What is the units digit of l/(-5) - (-242)/10?
4
Suppose -3*v = -h + 30, 2*h = -3*v - v + 50. Let d = h + -16. What is the units digit of d?
1
Let g be (-6)/8 - 35/(-20). Suppose 5*k - 81 - 32 = 2*w, 5*w = -k + g. What is the units digit of k?
1
Suppose 3*p + 8 = -p. What is the units digit of (1 - 11)*(-3 - p)?
0
Let s = 6 - 4. Suppose -2*t = 2*m + 12, -s*m - 5*t = -m + 14. What is the units digit of (m/10)/(2/(-10))?
2
Let a(d) = d**2 - d - 1. Let g(p) = -2*p**3 + 4*p + 3. Let q(s) = -3*a(s) - g(s). Let r be q(-2). Let m = r - -38. What is the units digit of m?
2
Let y = -34 + 42. What is the units digit of y?
8
Suppose 4*r = 4*m - 20, 2*m - m = -5*r - 25. Let q = m + 10. What is the units digit of q?
0
Let f = -285 - -448. What is the hundreds digit of f?
1
Let c be 4/((1 + 2)/3). Suppose 2*u - c*u = -28. What is the units digit of u?
4
Suppose 2*h - h = 33. What is the units digit of h?
3
Suppose 5*x - 45 = 4*x. What is the units digit of x?
5
Let v = 21 - 7. Let r = 24 - v. What is the units digit of r?
0
Let d(t) be the second derivative of t**5/20 - 7*t**4/12 + t**3/3 - 2*t**2 + 3*t. Let f(o) = 6*o**3 + 2*o - 1. Let k be f(1). What is the tens digit of d(k)?
1
Let m = 29 - 17. What is the tens digit of m?
1
Suppose 0*f = -c - f + 7, -3*f + 15 = c. Suppose c*m - 9 - 15 = -3*q, q + 4*m - 20 = 0. Suppose 0 = q*z - 75 + 19. What is the tens digit of z?
1
What is the tens digit of 52/(8/4)*1?
2
Let x = 0 - -2. Let b be 1/1*(4 + 1). Suppose 0 = t - 4*a + b, x*t - 23 = -4*a + 3. What is the units digit of t?
7
Suppose -2*t + 50 = 5*x, -4*x - 2*t + 0 = -40. Suppose -3*y = -43 + x. What is the units digit of y?
1
Let a(c) = -c**3 - 6*c**2 - 4*c + 6. What is the units digit of a(-5)?
1
Suppose -83 = -5*p + 77. Suppose 8 = -3*u + p. What is the units digit of u?
8
Let u(x) = -12*x - 14. What is the units digit of u(-9)?
4
Suppose 4*t + 0*t = 0. Suppose t = -w + 2. Suppose -4*p = -7*k + w*k - 48, -k = 4*p - 24. What is the units digit of p?
7
Suppose -5 = -0*o - 5*o. Let u be (2 + 25)/(2 - o). Let h = u - 18. What is the units digit of h?
9
Let h(b) = b**2 + 7*b + 3. Let t be h(-5). Let p = 11 + t. Suppose 27 = p*o - o. What is the units digit of o?
9
Let f = 5 - 3. Suppose -15 = -f*y + z, -4*z = -4*y + 24 + 4. What is the units digit of y?
8
Let t = -9 + 5. Let p(s) = -s**3 - 4*s**2 - s + 3. What is the units digit of p(t)?
7
Let g(h) = h**2 + 11*h + 13. What is the units digit of g(-13)?
9
Let n be (-2)/(-12) + (-37)/6. Let u(y) = y**2 + 7*y + 6. Let c be u(n). Suppose 4*z + c*z + 2*d = 54, -2*z + 3*d = -7. What is the units digit of z?
1
Suppose 11*o = 1568 + 126. What is the hundreds digit of o?
1
Suppose -13*n + 14*n = 60. What is the units digit of 188/n + 4/(-30)?
3
Let r = 212 - 151. What is the tens digit of r?
6
Suppose -2*z + 7*z + 5*a - 155 = 0, -5*z = 3*a - 147. Suppose 2*p = -3*s + z, -2*p + 5*s - 53 = -6*p. What is the units digit of p?
2
Let m(k) = -k - 1. Let u be m(-1). Let a be u/2 - (0 + -2). Suppose 0 = c + a*c - 33. What is the tens digit of c?
1
Let x = 32 + 11. What is the units digit of x?
3
Let m = 134 - 88. What is the tens digit of m?
4
Suppose 3*h + 9 = 27. Suppose -o = -6*o + 5. Let d = h + o. What is the units digit of d?
7
Let b = 171 + -66. What is the tens digit of b?
0
Let b(m) = -m**2 + 9*m - 6. Let v be b(6). Let k(n) = n - 9. What is the units digit of k(v)?
3
Let y be (-4)/3*(-30)/4. Suppose 5*o - 20 = 0, b + b + o + 14 = 0. Let a = b + y. What is the units digit of a?
1
Suppose 0*s = -4*k - 2*s + 12, -2*k - 4 = -4*s. Suppose 0*t + 12 = k*t. What is the units digit of t?
6
Suppose -5*k + 8*k = 12. Let g = 21 + 31. Suppose 12 - g = -k*w. What is the tens digit of w?
1
What is the units digit of 12*(-4 - (-76)/16)?
9
Suppose -5*x + 32 = 3*r, -12 = r - 4*x - 0*x. What is the units digit of r?
4
Suppose 185 = 5*f + 145. What is the units digit of f?
8
Let h(g) = g**2 - 2*g + 3. Let v be h(3). Suppose b - 8 = -v. Let o = b + 0. What is the units digit of o?